2*y + 116 + 104 - 12*y - 350 + 2*y**3. Give v(-2).
-12
Let g = -433 - -514. Suppose m = -7*o + g, 2*m - 103 = -5*o - 40. Let v(x) = x**2 - 11*x - 10. Determine v(o).
-10
Let y(a) = -56*a + 102. Let g(v) = 201*v - 308. Let o(k) = -2*g(k) - 7*y(k). Calculate o(-10).
2
Let r(b) = -b - 6. Let w be (-2)/2*(8 - 7)*-14. Suppose 108*g = 110*g + w. Determine r(g).
1
Let f(s) = 85*s + 61. Let k(y) = -12*y. Let z(j) = f(j) + 8*k(j). Determine z(7).
-16
Let q = 14 + -9. Let v(x) = 4*x - 4. Let z(j) = 3*j - 3. Let i(l) = q*z(l) - 4*v(l). Suppose -2*s - 9 = -3*h, -60 = 4*s - 4*h - 56. Calculate i(s).
-5
Let j(x) = 16 + 17*x**3 - 16*x**3 + 10*x**2 - 8*x - 2*x. Let b be j(-11). Let h(d) = 74 - 6*d**3 + 6*d**2 + 2*d**3 + 4*d - 70 + b*d**3. Give h(-6).
-20
Let p(x) be the third derivative of x**6/120 + 2*x**5/15 - 3*x**4/8 + 4*x**3/3 - 2760*x**2. Determine p(-9).
8
Let p(z) = 151*z**2 - 2*z - 1. Let j(y) = -y**3 - 13*y**2 - 34*y - 133. Let x be j(-11). Determine p(x).
152
Let t be 1/2*(3 - 5). Let q(z) = 3606*z**2 + 3608*z**2 + z - 10819*z**2 + 3613*z**2 + 1. What is q(t)?
8
Let t(j) = -2*j + 11. Let k = 3953 - 3957. Calculate t(k).
19
Let c(i) = 6*i. Let s be ((-38)/(-6))/(11/231). Let m = s - 129. What is c(m)?
24
Let c(p) = -p**2 + 7*p + 2. Let f(t) be the second derivative of -11*t**3/6 - 59*t**2/2 + 82*t. Let u be f(-6). Calculate c(u).
2
Let y(z) = 7*z**3 + 2*z - 1. Let h = -481 + 461. Let o be 8/10 + ((-24)/h)/6. What is y(o)?
8
Let o(t) = -6*t - 14. Let b(p) = -9*p + 6. Let x be b(1). Let f(h) = -7*h - 16. Let k(r) = x*f(r) + 4*o(r). Determine k(-6).
10
Let k(j) = -35*j + 15. Let q(z) = 16*z - 8. Let u(n) = -3*k(n) - 7*q(n). Let p(m) = 6*m - 9. Let x(b) = 6*p(b) + 5*u(b). Give x(2).
3
Let k(v) be the second derivative of -v**6/360 - v**5/20 - 91*v**4/12 - 2*v + 75. Let n(q) be the third derivative of k(q). Determine n(-2).
-2
Let y(f) = f**3 + f**2 - 3*f - 4. Let k = -16 + 37. Suppose 5*l + r = 12, -3*l + 8*r + k = 4*r. Suppose -t + l*b = 4*t, -5*t = 4*b + 35. Give y(t).
-13
Suppose 51 = -5952*l + 5901*l. Let h(g) = -27*g**3 - g**2 - g - 1. What is h(l)?
26
Let l(w) = -11*w**2 - 2*w - 1. Suppose -z = 10*z + 1265. Let t = z - -118. Let q(m) = m**2 - m - 7. Let g be q(t). Calculate l(g).
-10
Let g be (-78)/(-16) + 12/96. Let m(j) = 11*j**2 + j - 8. Let v(z) = 22*z**2 + z - 20. Let y(t) = g*m(t) - 2*v(t). Give y(-2).
38
Let p be ((-207)/(-6))/23*-2. Let b(n) = 3*n. Give b(p).
-9
Let i(h) = 10*h**3 - h**2 + 13*h - 5. Let l(d) = 3*d**3 - d**2 + 4*d - 2. Let k = -300 - -298. Let r(c) = k*i(c) + 7*l(c). Give r(5).
6
Let q = -198 + 204. Let h(t) be the second derivative of t**3/6 - 5*t**2 - 2*t. Calculate h(q).
-4
Let y(u) be the first derivative of -u**4/4 + 2*u**3 + 7*u**2/2 - 2*u + 17. Suppose -4*m = -22*m + 126. Let v be y(m). Let o(k) = -7*k - 1. What is o(v)?
13
Let z(r) be the second derivative of -5*r**4/6 + r**3/3 - r**2/2 - 2*r. Let d = 3650 + -3649. Determine z(d).
-9
Let u(n) = -n**3 + 11*n**2 - 22*n + 3. Let l = 13031 - 13023. Calculate u(l).
19
Let b(z) = -z**3 - 12*z**2 - 10*z + 6. Let a be (-2)/(-3 + 4655/1555). Let q = a - 322. Give b(q).
-5
Let h(x) = -x. Let w(u) = 125*u**2 + 15*u - 14. Let d be w(1). Suppose 0 = -208*r + 222*r + d. Determine h(r).
9
Let z = -98 - -97. Let p be 87/((6 + -4)*z/2). Let i = -94 - p. Let q(n) = n**3 + 7*n**2 - 2*n - 1. Give q(i).
13
Let g(d) = -101*d - 121. Let p(l) = -34*l - 44. Let f(s) = 6*g(s) - 17*p(s). What is f(1)?
-6
Let g be ((-54)/6 - -26 - -2) + (-2)/1. Let p(x) = -x + 1. Calculate p(g).
-16
Let k(i) be the second derivative of 1/3*i**3 + 0*i**4 + 3/4*i**5 + 0 + 168*i + 1/2*i**2. Calculate k(-1).
-16
Let u(c) = -40*c + 3477. Let l be u(87). Let y(n) = -8*n - 10. What is y(l)?
14
Suppose -27 = 3*r - 6*r. Suppose r*t - 7*t = -6. Let a(k) = k**3 + 2*k**2 - 2*k - 3. Determine a(t).
-6
Let i(p) = p**3 - 3*p**2 + 3*p - 4. Suppose -9 = -3*w, -4*w - 9 = -3*l + 24. Let r = l - 11. Suppose r*k - 12 = -0. Give i(k).
5
Let d(a) = -10*a**2 - 79*a + 2. Let h(p) = 73*p + 3934. Let t be h(-54). Calculate d(t).
-6
Let h(q) be the third derivative of q**6/120 - 2*q**5/15 + q**4/8 - 52*q**3/3 - 53*q**2 - 2. Calculate h(9).
4
Suppose 350*x - 90 = 368*x. Let n(c) = c**3 + 5*c**2 - 9. What is n(x)?
-9
Let j be (-54)/(-45)*((-62)/6 + -3). Let r(v) = -1 - 21 - 3*v + 2*v + 0*v. Let o be r(j). Let d(s) = s**2 + 8*s + 4. What is d(o)?
-8
Let r(o) = 3*o + 4. Let t(d) = -8*d**2 - 2*d + 35. Let f be t(5). Let i = -179 - f. Give r(i).
-8
Let s(x) = 55*x**2 + 11*x + 3. Let z(f) = 9*f + 17*f**2 + 6 - 2*f + 11*f**2 - 4. Let q(u) = 3*s(u) - 5*z(u). Determine q(-1).
26
Let q be (-164 - -159)*22/(-10). Let p(a) = a - 24. Calculate p(q).
-13
Let a(t) = -8*t - 224. Suppose 35*u + 1075 = -61*u - 1709. Determine a(u).
8
Let a(q) = -2 - 5*q - 5*q + 4*q + 2*q. Let t = 15 - 14. Let v(x) = -3*x**2 - 4*x + 5. Let j be v(t). Determine a(j).
6
Suppose 2*b - 3*f + 227 - 79 = 0, -5*b + 2*f - 392 = 0. Let r be 4/(-6) - b/12. Let w(h) = 59*h - 12 - 12*h - 18*h - 16*h - 12*h. Calculate w(r).
-6
Let y(m) = -m**2 + m - 2. Let q be y(2). Let a be (-49)/168*-8 + q/3. Let i(h) = 17*h. Give i(a).
17
Let m(q) = -14*q**3 + 8*q**2 - 4*q - 1. Let i(f) = 32*f**3 - 17*f**2 + 10*f + 4. Let t(b) = -3*i(b) - 7*m(b). Calculate t(4).
35
Let t(f) = f**2 - f - 2. Let k = -265 + 236. Let l(i) = -i**3 - 30*i**2 - 27*i + 62. Let s be l(k). What is t(s)?
10
Let p = -13 + 9. Let w(v) be the second derivative of 0 + 1/6*v**3 - 94*v + 0*v**2. Determine w(p).
-4
Suppose 0 = -3*i - 3*r, -4*r - 52 = -3*i - 17. Suppose -11 + i = 3*p. Let z(d) = 2*d + 1. Give z(p).
-3
Let j(z) be the first derivative of -z**4/4 + 3*z**3 - 4*z**2 + 4*z - 7025. Suppose c - 4*c - k = -24, 0 = -5*k. Calculate j(c).
4
Let v = -68 + 63. Let j(r) = -r**2 - 8*r - 12. Let n be j(v). Let u(w) = 7 - 9*w**2 + 0*w + 5*w**2 - 3*w**2 - 4*w - w**n. Give u(-6).
-5
Let x(w) = -w**2 + 5*w - 2. Let k be x(3). Let z(o) = o**2 - 6*o - 5. Let a(r) = -2*r**2 + 11*r + 9. Let m(h) = -4*a(h) - 7*z(h). Give m(k).
7
Let o(c) = 5*c - 7. Let v(y) = -6*y**2 + 33*y - 12. Let j(n) = -24*n**2 + 132*n - 49. Let w(d) = 2*j(d) - 9*v(d). Let g be w(5). What is o(g)?
-32
Let i(a) = 13*a**3 + 19*a**2 - 35*a + 52. Let w(h) = 50*h**3 + 77*h**2 - 138*h + 209. Let b(g) = -23*i(g) + 6*w(g). Calculate b(-26).
-20
Suppose -4*t + 5*q + 26 = 0, 2*q = t - 0*t - 5. Suppose 18 = -t*r + 3*r. Let l(d) = -13*d - 1. Give l(r).
38
Let f(t) = -3*t**2 - 24*t - 23. Let m = -14570 + 14562. Calculate f(m).
-23
Let r(y) = y - 6. Let w be r(0). Let s(c) be the third derivative of -c**5/60 - 5*c**4/12 - c**3/2 + 12*c**2 - 16*c - 25. Determine s(w).
21
Let i(a) = 3*a**2 + 3*a + 2. Suppose 7*t + 3*y - 7 = 8*t, 5*y = 10. Determine i(t).
2
Let k be 5428/1180 + 2/5. Let u(a) = a. Let j(f) = 4*f - 7. Let c(h) = j(h) - 2*u(h). Determine c(k).
3
Suppose 3*p + 3*k + 57 = 0, 2*p + 9 = 3*k - 14. Let l = p + 15. Let v be (l - -2)/((-2)/(-6)) + 3. Let g(s) = s - 4. Determine g(v).
2
Suppose 29 = -26*o - 5 + 242. Let n(y) = -y**3 + 5*y**2 + 16*y + 2. Give n(o).
-62
Let c = 16 + -13. Suppose -y = c*f + 25, 62 = -5*y + 4*f + 13. Let t(p) = p**2 + 12*p - 7. Determine t(y).
6
Let t(a) be the third derivative of -a**5/10 + a**4/12 + a**3/6 + 4*a**2. Let u(k) = -3*k - 91. Let v be u(-30). What is t(v)?
-7
Let p(y) = 15 - 17 + 757*y - 754*y. What is p(4)?
10
Let w be ((-3)/6)/(1 - (-6)/(-8)). Let l be 4*w/8 - -3. Let k(g) = -3*g**2 + 2*g. Give k(l).
-8
Let j be 14 + (-3 - -6 - (-4)/4). Suppose 2*u = u - 3*r - 10, 3*u - j = 3*r. Let w(c) = -7*c**2 + 3*c**2 - 2*c**3 + 2*c + 7*c**u + c**3 + 3. Determine w(4).
-5
Suppose 0*i = -r - 2*i - 21, -2*i + 54 = -4*r. Let v(y) = -y - 15. Let z be v(r). Let a(u) = -u**3 - u**2 + u - 16. Determine a(z).
-16
Suppose 25*m + 2*l = 22*m + 5, 4*m + 3*l - 8 = 0. Let a(t) be the second derivative of -t**3/2 + t**2 - 11*t. Determine a(m).
5
Suppose 4*g - 36 = 8*x - 10*x, 2*g - 6 = x. Let a(h) = -3*h**3 + 18*h**2 - 8*h + 54. Give a(g).
6
Suppose -68*r - 3234 = -145*r. Let q(a) = 2*a**2 - 84*a + 6. Determine q(r).
6
Let i(n) = 3*n - 1. Let f be i(1). Let q be f/(-8)*(-1)/((-4)/16). Let t = q - 5. Let s(v) = -v**3 - 6*v**2 - 4. Calculate s(t).
-4
Let l(d) = 6*d + 3. Let b(j) = -j**3 - 24*j**2 - 19*j + 95. Let p be b(-23). Suppose -5*h = p*g + 1, 0*h - 4 = g